{"id":165,"date":"2021-05-08T23:35:21","date_gmt":"2021-05-08T21:35:21","guid":{"rendered":"http:\/\/saintjosephsegre.fr\/?page_id=165"},"modified":"2026-04-15T14:33:00","modified_gmt":"2026-04-15T12:33:00","slug":"galerie-photo","status":"publish","type":"page","link":"https:\/\/www.saintjosephsegre.fr\/?page_id=165","title":{"rendered":"Galerie photo"},"content":{"rendered":"\n<h2 class=\"wp-block-heading\">La Chapelle Saint-Joseph : le Mont-Saint-Michel de Segr\u00e9<\/h2>\n\n\n\n<figure class=\"wp-block-gallery has-nested-images columns-default is-cropped wp-block-gallery-1 is-layout-flex wp-block-gallery-is-layout-flex\">\n<figure class=\"wp-block-image size-large\"><img fetchpriority=\"high\" decoding=\"async\" width=\"1024\" height=\"536\" data-id=\"186\" src=\"https:\/\/www.saintjosephsegre.fr\/wp-content\/uploads\/2021\/05\/thumbnail_image1-copie-1-1024x536.jpg\" alt=\"\" class=\"wp-image-186\" srcset=\"https:\/\/www.saintjosephsegre.fr\/wp-content\/uploads\/2021\/05\/thumbnail_image1-copie-1-1024x536.jpg 1024w, https:\/\/www.saintjosephsegre.fr\/wp-content\/uploads\/2021\/05\/thumbnail_image1-copie-1-300x157.jpg 300w, https:\/\/www.saintjosephsegre.fr\/wp-content\/uploads\/2021\/05\/thumbnail_image1-copie-1-768x402.jpg 768w, https:\/\/www.saintjosephsegre.fr\/wp-content\/uploads\/2021\/05\/thumbnail_image1-copie-1.jpg 1280w\" sizes=\"(max-width: 767px) 89vw, (max-width: 1000px) 54vw, (max-width: 1071px) 543px, 580px\" \/><\/figure>\n<\/figure>\n\n\n\n<figure class=\"wp-block-gallery has-nested-images columns-default is-cropped wp-block-gallery-2 is-layout-flex wp-block-gallery-is-layout-flex\">\n<figure class=\"wp-block-image size-large\"><img decoding=\"async\" width=\"1024\" height=\"683\" data-id=\"184\" src=\"https:\/\/www.saintjosephsegre.fr\/wp-content\/uploads\/2021\/05\/segre_280606-2-1024x683.jpg\" alt=\"\" class=\"wp-image-184\" srcset=\"https:\/\/www.saintjosephsegre.fr\/wp-content\/uploads\/2021\/05\/segre_280606-2-1024x683.jpg 1024w, https:\/\/www.saintjosephsegre.fr\/wp-content\/uploads\/2021\/05\/segre_280606-2-300x200.jpg 300w, https:\/\/www.saintjosephsegre.fr\/wp-content\/uploads\/2021\/05\/segre_280606-2-768x512.jpg 768w, https:\/\/www.saintjosephsegre.fr\/wp-content\/uploads\/2021\/05\/segre_280606-2-1536x1024.jpg 1536w, https:\/\/www.saintjosephsegre.fr\/wp-content\/uploads\/2021\/05\/segre_280606-2-2048x1366.jpg 2048w\" sizes=\"(max-width: 767px) 89vw, (max-width: 1000px) 54vw, (max-width: 1071px) 543px, 580px\" \/><figcaption class=\"wp-element-caption\">Photo Communes.com<\/figcaption><\/figure>\n<\/figure>\n\n\n\n<figure class=\"wp-block-gallery has-nested-images columns-default is-cropped wp-block-gallery-3 is-layout-flex wp-block-gallery-is-layout-flex\">\n<figure class=\"wp-block-image size-large\"><img decoding=\"async\" width=\"1024\" height=\"767\" data-id=\"185\" src=\"https:\/\/www.saintjosephsegre.fr\/wp-content\/uploads\/2021\/05\/0-5-1-1024x767.jpg\" alt=\"\" class=\"wp-image-185\" srcset=\"https:\/\/www.saintjosephsegre.fr\/wp-content\/uploads\/2021\/05\/0-5-1-1024x767.jpg 1024w, https:\/\/www.saintjosephsegre.fr\/wp-content\/uploads\/2021\/05\/0-5-1-300x225.jpg 300w, https:\/\/www.saintjosephsegre.fr\/wp-content\/uploads\/2021\/05\/0-5-1-768x575.jpg 768w, https:\/\/www.saintjosephsegre.fr\/wp-content\/uploads\/2021\/05\/0-5-1.jpg 1280w\" sizes=\"(max-width: 767px) 89vw, (max-width: 1000px) 54vw, (max-width: 1071px) 543px, 580px\" \/><figcaption class=\"wp-element-caption\"><em>Photo Le Haut Anjou<\/em><\/figcaption><\/figure>\n<\/figure>\n\n\n\n<div style=\"height:100px\" aria-hidden=\"true\" class=\"wp-block-spacer\"><\/div>\n\n\n\n<hr class=\"wp-block-separator has-alpha-channel-opacity\"\/>\n\n\n\n<div class=\"wp-block-columns is-layout-flex wp-container-core-columns-is-layout-9d6595d7 wp-block-columns-is-layout-flex\">\n<div class=\"wp-block-column is-layout-flow wp-block-column-is-layout-flow\" style=\"flex-basis:100%\">\n<h2 class=\"wp-block-heading\">L&rsquo;int\u00e9rieur de la Chapelle est ferm\u00e9 au public depuis 1995<\/h2>\n\n\n\n<figure class=\"wp-block-image size-large\"><img loading=\"lazy\" decoding=\"async\" width=\"577\" height=\"1024\" src=\"https:\/\/www.saintjosephsegre.fr\/wp-content\/uploads\/2026\/04\/472529228_122104725992721998_2548843762888037888_n-577x1024.jpg\" alt=\"\" class=\"wp-image-720\" srcset=\"https:\/\/www.saintjosephsegre.fr\/wp-content\/uploads\/2026\/04\/472529228_122104725992721998_2548843762888037888_n-577x1024.jpg 577w, https:\/\/www.saintjosephsegre.fr\/wp-content\/uploads\/2026\/04\/472529228_122104725992721998_2548843762888037888_n-169x300.jpg 169w, https:\/\/www.saintjosephsegre.fr\/wp-content\/uploads\/2026\/04\/472529228_122104725992721998_2548843762888037888_n-768x1364.jpg 768w, https:\/\/www.saintjosephsegre.fr\/wp-content\/uploads\/2026\/04\/472529228_122104725992721998_2548843762888037888_n-865x1536.jpg 865w, https:\/\/www.saintjosephsegre.fr\/wp-content\/uploads\/2026\/04\/472529228_122104725992721998_2548843762888037888_n.jpg 1153w\" sizes=\"(max-width: 577px) 100vw, 577px\" \/><\/figure>\n<\/div>\n<\/div>\n\n\n\n<figure class=\"wp-block-image size-large\"><img loading=\"lazy\" decoding=\"async\" width=\"577\" height=\"1024\" src=\"https:\/\/www.saintjosephsegre.fr\/wp-content\/uploads\/2026\/04\/473371027_122104726376721998_5135075364367715195_n-577x1024.jpg\" alt=\"\" class=\"wp-image-719\" srcset=\"https:\/\/www.saintjosephsegre.fr\/wp-content\/uploads\/2026\/04\/473371027_122104726376721998_5135075364367715195_n-577x1024.jpg 577w, https:\/\/www.saintjosephsegre.fr\/wp-content\/uploads\/2026\/04\/473371027_122104726376721998_5135075364367715195_n-169x300.jpg 169w, https:\/\/www.saintjosephsegre.fr\/wp-content\/uploads\/2026\/04\/473371027_122104726376721998_5135075364367715195_n-768x1364.jpg 768w, https:\/\/www.saintjosephsegre.fr\/wp-content\/uploads\/2026\/04\/473371027_122104726376721998_5135075364367715195_n-865x1536.jpg 865w, https:\/\/www.saintjosephsegre.fr\/wp-content\/uploads\/2026\/04\/473371027_122104726376721998_5135075364367715195_n.jpg 1153w\" sizes=\"(max-width: 577px) 100vw, 577px\" \/><\/figure>\n\n\n\n<div class=\"wp-block-columns is-layout-flex wp-container-core-columns-is-layout-9d6595d7 wp-block-columns-is-layout-flex\">\n<div class=\"wp-block-column is-layout-flow wp-block-column-is-layout-flow\" style=\"flex-basis:100%\">\n<div class=\"wp-block-group\"><div class=\"wp-block-group__inner-container is-layout-flow wp-block-group-is-layout-flow\">\n<div class=\"wp-block-columns is-layout-flex wp-container-core-columns-is-layout-9d6595d7 wp-block-columns-is-layout-flex\">\n<div class=\"wp-block-column is-layout-flow wp-block-column-is-layout-flow\" style=\"flex-basis:100%\">\n<hr class=\"wp-block-separator has-alpha-channel-opacity\"\/>\n\n\n\n<h2 class=\"wp-block-heading\">La Chapelle est ceintur\u00e9e d&rsquo;un c\u00e2ble de s\u00e9curit\u00e9 depuis 2016<\/h2>\n\n\n\n<p><\/p>\n\n\n\n<figure class=\"wp-block-image size-large\"><img loading=\"lazy\" decoding=\"async\" width=\"1024\" height=\"768\" src=\"http:\/\/saintjosephsegre.fr\/wp-content\/uploads\/2021\/05\/4f2c42d80febf0b87827ba036dddf5a7-1-1024x768.jpg\" alt=\"\" class=\"wp-image-187\" srcset=\"https:\/\/www.saintjosephsegre.fr\/wp-content\/uploads\/2021\/05\/4f2c42d80febf0b87827ba036dddf5a7-1-1024x768.jpg 1024w, https:\/\/www.saintjosephsegre.fr\/wp-content\/uploads\/2021\/05\/4f2c42d80febf0b87827ba036dddf5a7-1-300x225.jpg 300w, https:\/\/www.saintjosephsegre.fr\/wp-content\/uploads\/2021\/05\/4f2c42d80febf0b87827ba036dddf5a7-1-768x576.jpg 768w, https:\/\/www.saintjosephsegre.fr\/wp-content\/uploads\/2021\/05\/4f2c42d80febf0b87827ba036dddf5a7-1.jpg 1280w\" sizes=\"(max-width: 767px) 89vw, (max-width: 1000px) 54vw, (max-width: 1071px) 543px, 580px\" \/><figcaption class=\"wp-element-caption\">Photo Le Haut-Anjou<\/figcaption><\/figure>\n\n\n\n<figure class=\"wp-block-image size-large\"><img loading=\"lazy\" decoding=\"async\" width=\"1024\" height=\"682\" src=\"http:\/\/saintjosephsegre.fr\/wp-content\/uploads\/2021\/05\/thumbnail_IMG_1935-1024x682.jpg\" alt=\"\" class=\"wp-image-183\" srcset=\"https:\/\/www.saintjosephsegre.fr\/wp-content\/uploads\/2021\/05\/thumbnail_IMG_1935-1024x682.jpg 1024w, https:\/\/www.saintjosephsegre.fr\/wp-content\/uploads\/2021\/05\/thumbnail_IMG_1935-300x200.jpg 300w, https:\/\/www.saintjosephsegre.fr\/wp-content\/uploads\/2021\/05\/thumbnail_IMG_1935-768x512.jpg 768w, https:\/\/www.saintjosephsegre.fr\/wp-content\/uploads\/2021\/05\/thumbnail_IMG_1935.jpg 1280w\" sizes=\"(max-width: 767px) 89vw, (max-width: 1000px) 54vw, (max-width: 1071px) 543px, 580px\" \/><\/figure>\n<\/div>\n<\/div>\n<\/div><\/div>\n\n\n\n<figure class=\"wp-block-image size-large\"><img loading=\"lazy\" decoding=\"async\" width=\"1024\" height=\"768\" src=\"https:\/\/www.saintjosephsegre.fr\/wp-content\/uploads\/2026\/04\/473234959_122104727720721998_1514991034994409607_n-1024x768.jpg\" alt=\"\" class=\"wp-image-718\" srcset=\"https:\/\/www.saintjosephsegre.fr\/wp-content\/uploads\/2026\/04\/473234959_122104727720721998_1514991034994409607_n-1024x768.jpg 1024w, https:\/\/www.saintjosephsegre.fr\/wp-content\/uploads\/2026\/04\/473234959_122104727720721998_1514991034994409607_n-300x225.jpg 300w, https:\/\/www.saintjosephsegre.fr\/wp-content\/uploads\/2026\/04\/473234959_122104727720721998_1514991034994409607_n-768x576.jpg 768w, https:\/\/www.saintjosephsegre.fr\/wp-content\/uploads\/2026\/04\/473234959_122104727720721998_1514991034994409607_n-1536x1152.jpg 1536w, https:\/\/www.saintjosephsegre.fr\/wp-content\/uploads\/2026\/04\/473234959_122104727720721998_1514991034994409607_n.jpg 2048w\" sizes=\"(max-width: 767px) 89vw, (max-width: 1000px) 54vw, (max-width: 1071px) 543px, 580px\" \/><figcaption class=\"wp-element-caption\">Photo Daouad<\/figcaption><\/figure>\n<\/div>\n<\/div>\n","protected":false},"excerpt":{"rendered":"<p>La Chapelle Saint-Joseph : le Mont-Saint-Michel de Segr\u00e9 L&rsquo;int\u00e9rieur de la Chapelle est ferm\u00e9 au public depuis 1995 La Chapelle est ceintur\u00e9e d&rsquo;un c\u00e2ble de s\u00e9curit\u00e9 depuis 2016<\/p>\n","protected":false},"author":1,"featured_media":0,"parent":0,"menu_order":0,"comment_status":"closed","ping_status":"closed","template":"","meta":{"footnotes":""},"class_list":["post-165","page","type-page","status-publish","hentry"],"_links":{"self":[{"href":"https:\/\/www.saintjosephsegre.fr\/index.php?rest_route=\/wp\/v2\/pages\/165","targetHints":{"allow":["GET"]}}],"collection":[{"href":"https:\/\/www.saintjosephsegre.fr\/index.php?rest_route=\/wp\/v2\/pages"}],"about":[{"href":"https:\/\/www.saintjosephsegre.fr\/index.php?rest_route=\/wp\/v2\/types\/page"}],"author":[{"embeddable":true,"href":"https:\/\/www.saintjosephsegre.fr\/index.php?rest_route=\/wp\/v2\/users\/1"}],"replies":[{"embeddable":true,"href":"https:\/\/www.saintjosephsegre.fr\/index.php?rest_route=%2Fwp%2Fv2%2Fcomments&post=165"}],"version-history":[{"count":11,"href":"https:\/\/www.saintjosephsegre.fr\/index.php?rest_route=\/wp\/v2\/pages\/165\/revisions"}],"predecessor-version":[{"id":776,"href":"https:\/\/www.saintjosephsegre.fr\/index.php?rest_route=\/wp\/v2\/pages\/165\/revisions\/776"}],"wp:attachment":[{"href":"https:\/\/www.saintjosephsegre.fr\/index.php?rest_route=%2Fwp%2Fv2%2Fmedia&parent=165"}],"curies":[{"name":"wp","href":"https:\/\/api.w.org\/{rel}","templated":true}]}}